87?
43
What is the highest common factor of 36038 and 543005?
487
Calculate the greatest common divisor of 63654 and 656934.
618
What is the highest common factor of 3070466 and 18886?
994
What is the highest common divisor of 1172645 and 565?
5
What is the greatest common divisor of 90512390 and 1330?
190
Calculate the greatest common divisor of 496548 and 4212.
468
Calculate the highest common divisor of 15 and 155728215.
15
Calculate the greatest common divisor of 490 and 3751685.
245
What is the highest common factor of 2634664 and 16?
8
Calculate the greatest common factor of 15 and 2393152485.
15
What is the greatest common factor of 1653710 and 33550?
610
What is the greatest common divisor of 1743673 and 14824?
1853
Calculate the greatest common factor of 160087956 and 168.
84
Calculate the highest common divisor of 45279143 and 1190.
119
Calculate the highest common factor of 16964 and 2412611598.
8482
What is the greatest common factor of 11350 and 170750?
50
What is the greatest common divisor of 2134 and 75835958?
2134
Calculate the highest common factor of 161845255 and 5720.
715
What is the highest common factor of 33107044 and 76?
76
Calculate the highest common divisor of 149553 and 9857187.
783
Calculate the greatest common divisor of 14980125 and 80823.
2787
What is the highest common factor of 1384685 and 8313?
163
What is the greatest common divisor of 5966002 and 20174?
1834
Calculate the highest common factor of 40641 and 43046685.
1311
Calculate the highest common divisor of 12 and 1094180.
4
What is the greatest common divisor of 1515 and 78100775?
505
What is the highest common divisor of 101132 and 255188?
524
Calculate the greatest common divisor of 1815214 and 45658.
1234
What is the highest common factor of 588938 and 11753?
161
What is the greatest common factor of 23829 and 139449?
141
Calculate the highest common divisor of 3102 and 34599426.
282
Calculate the highest common factor of 74 and 82205009.
37
Calculate the greatest common divisor of 473 and 4038001.
473
What is the greatest common factor of 53141045 and 15?
5
Calculate the highest common divisor of 4071 and 84801.
69
What is the greatest common factor of 114485 and 3353?
7
Calculate the greatest common divisor of 3520 and 3088360.
440
Calculate the highest common factor of 8338302 and 10.
2
What is the highest common factor of 398774 and 53774?
46
Calculate the greatest common divisor of 26026552 and 603.
67
What is the highest common factor of 9203964 and 56?
28
Calculate the greatest common divisor of 845368560 and 6960.
6960
Calculate the greatest common factor of 68 and 8319545.
17
Calculate the highest common divisor of 9751 and 9016.
49
What is the highest common divisor of 26070 and 3786865?
395
Calculate the highest common factor of 246012250 and 220.
110
Calculate the highest common divisor of 90 and 20937760.
10
What is the greatest common divisor of 169189 and 1044682?
89
Calculate the highest common divisor of 225410 and 110.
10
Calculate the greatest common factor of 3465 and 68027883.
231
What is the greatest common divisor of 74 and 150241534?
74
Calculate the greatest common factor of 95266 and 851.
23
What is the greatest common factor of 34233 and 120?
3
What is the greatest common factor of 4366 and 48896906?
74
What is the greatest common factor of 4907641 and 589?
31
What is the highest common factor of 6713 and 161386?
137
What is the greatest common factor of 3854 and 2707066?
82
Calculate the highest common factor of 408449294 and 5324.
2662
Calculate the highest common factor of 25095 and 2302125.
105
What is the greatest common divisor of 109029662 and 14?
14
Calculate the highest common divisor of 2728 and 114944280.
2728
Calculate the highest common factor of 179363368 and 16.
8
What is the greatest common divisor of 15316262 and 3266?
142
What is the greatest common factor of 47652 and 18371100?
2508
What is the highest common divisor of 2484 and 351558?
18
What is the greatest common divisor of 4387 and 794457?
41
Calculate the greatest common divisor of 16 and 2298376048.
16
What is the highest common factor of 209910 and 4500?
30
Calculate the highest common factor of 51311210 and 4370.
190
Calculate the greatest common divisor of 245964 and 695868.
1236
What is the greatest common divisor of 17266744 and 6118?
874
Calculate the greatest common factor of 1160 and 14417680.
40
Calculate the greatest common divisor of 244792 and 157028.
148
Calculate the highest common factor of 23409 and 462927.
51
Calculate the highest common factor of 238952448 and 96.
96
What is the highest common factor of 7057784 and 19338?
586
Calculate the highest common factor of 1413 and 117390941.
157
Calculate the greatest common divisor of 1724865 and 2832.
177
What is the highest common divisor of 52687 and 1388919?
1121
Calculate the greatest common factor of 22021620 and 8940.
60
Calculate the greatest common divisor of 16282 and 372904.
14
Calculate the highest common divisor of 557177 and 11861.
29
Calculate the greatest common factor of 488 and 3985191.
61
Calculate the greatest common factor of 18196768 and 22240.
4448
What is the greatest common factor of 47053852 and 27204?
9068
What is the highest common divisor of 264 and 33879912?
264
Calculate the greatest common divisor of 72159520 and 480.
160
Calculate the highest common divisor of 104 and 192664.
8
What is the highest common divisor of 1071 and 65509143?
357
Calculate the highest common divisor of 378 and 2311578.
54
What is the greatest common divisor of 33 and 9831723?
33
Calculate the highest common factor of 3481395 and 105.
15
Calculate the highest common divisor of 832 and 1617664.
64
What is the highest common divisor of 3089579 and 584?
73
What is the greatest common factor of 360 and 126485680?
40
What is the highest common factor of 100358169 and 6?
3
Calculate the greatest common factor of 278125 and 31684.
89
What is the highest common factor of 225060 and 835131?
33
Calculate the greatest common factor of 111484 and 220148.
188
What is the greatest common divisor of 472 and 27970720?
472
Calculate the highest common divisor of 7951050 and 1050.
150
What is the greatest common divisor of 794 and 282124080?
794
Calculate the greatest common divisor of 17254575 and 765.
765
Calculate the greatest common factor of 3144 and 572448.
24
What is the highest common factor of 382861607 and 60011?
8573
What is the highest common factor of 124879 and 14477993?
2657
What is the greatest common factor of 429 and 1588119?
39
What is the highest common divisor of 140270 and 1012310?
1690
Calculate the greatest common divisor of 9067582 and 86.
86
Calculate the highest common factor of 18114928 and 218.
218
Calculate the highest common divisor of 19930 and 978290.
10
What is the greatest common factor of 363 and 749181?
3
What is the greatest common divisor of 798 and 1751316?
42
What is the greatest common divisor of 27001 and 139628?
67
What is the greatest common factor of 269829 and 12096?
63
Calculate the greatest common divisor of 2158864 and 527.
17
What is the greatest common divisor of 14401 and 1423870073?
14401
What is the greatest common divisor of 376 and 12541339?
47
What is the highest common factor of 153 and 20929833?
9
What is the highest common divisor of 335 and 203881?
67
Calculate the greatest common divisor of 1728678072 and 264.
264
Calculate the greatest common divisor of 71413560 and 108.
36
What is the greatest common divisor of 118791647 and 13?
13
What is the highest common divisor of 30595496 and 376?
376
What is the greatest common factor of 314886215 and 230?
115
What is the greatest common divisor of 306 and 265482234?
306
Calculate the highest common divisor of 1299 and 521648523.
1299
What is the highest common factor of 22346294 and 4866?
1622
Calculate the highest common factor of 308 and 669984.
28
Calculate the greatest common factor of 47 and 43035080.
47
What is the highest common factor of 151593 and 1005238?
299
Calculate the greatest common factor of 864 and 4841640.
216
What is the greatest common divisor of 6108 and 11568?
12
Calculate the greatest common factor of 13144 and 326616.
248
What is the greatest common divisor of 126